6*a + 156. What is the units digit of f(14)?
2
Suppose -b = 4*b + 5*b. Suppose 2*t + 72 - 531 = -5*v, b = -5*t + 5*v + 1200. What is the units digit of t?
7
Let z(c) = -c - 10. Let a be z(-12). Suppose -119 = -a*s - 5*u + 582, 0 = -3*s + 5*u + 1039. Suppose r + 3*r - s = 0. What is the units digit of r?
7
Let p = 5 - 11. Let s(o) = -9*o**2 - 10*o - 7. Let z be s(p). Let l = -182 - z. What is the units digit of l?
9
Suppose 33*t - 24*t = 12663. Let v = -971 + t. What is the tens digit of v?
3
Suppose 2*c - 2*g - 14 = 0, 5*g = 2*c + 2*c - 31. Suppose 969 = m + 2*o, 16*m - 20*m + 3864 = c*o. What is the hundreds digit of m?
9
Suppose 3*h - 15709 = 2*g + 5441, 2*g + 7054 = h. What is the thousands digit of h?
7
Let o(p) = -39812*p - 113. What is the units digit of o(-1)?
9
Let k = -280 + 287. What is the tens digit of 3/k - 1700/(-35)?
4
Let u(d) = -4*d**2 + 5*d - 8. Let y be u(7). What is the tens digit of 13/y + (-5435)/(-13)?
1
Suppose 259*q - 355*q = -4266324 - 1370028. What is the units digit of q?
2
What is the ten thousands digit of -35 + 3440/100 + (-75448)/(-5)?
1
What is the hundreds digit of -10 + (-133)/(-14) + 21/6 + 11509?
5
What is the hundreds digit of (-21878)/(-1) + -31 + 9 + 14?
8
Suppose -4*x = -7*x. Suppose x = 7*r + 16*r - 16261. What is the tens digit of r?
0
Suppose 1 = 2*z + 3, 3*t - 4086 = 3*z. Suppose 5*p + t = -4*o + 189, p + 586 = -2*o. Let b = -81 - o. What is the tens digit of b?
1
Let q(x) = 997*x - 16. Let d be q(1). Suppose 470*z = 473*z - d. What is the hundreds digit of z?
3
Suppose -g = -2*g + 2. What is the hundreds digit of g/5 + 14352/120?
1
Let h(o) = 19*o**2 - 5*o - 7. Let g(y) = y**2 - 6*y - 3. Let m be g(0). What is the hundreds digit of h(m)?
1
Suppose -4*c + 12 = 0, 2*l + 11 = l + 4*c. Suppose -3*g - l = 2*j, -3*j + 3*g = -7*j + 13. Suppose -j*m + 344 = -3*m. What is the units digit of m?
6
Suppose 83*c = 78*c. Suppose 5*i + 9 + 6 = c. What is the units digit of (-1)/i - 940/(-6)?
7
Let x be ((-179)/2)/(4/(-24)*3). Suppose x = -2*m + 709. What is the tens digit of m?
6
Suppose -5*i = -6*i + w + 2712, -2702 = -i - w. What is the hundreds digit of i?
7
What is the ten thousands digit of 10423 - 1 - (-9088)/(-568)?
1
Let s(y) = -7*y + 39. Let d(v) = -14*v + 77. Let a(k) = 3*d(k) - 7*s(k). Suppose 3*t - 2*l + 7*l - 51 = 0, -5*l = 4*t - 68. What is the units digit of a(t)?
7
Let r(i) = 3 + 21*i + 14*i - 34*i - 7. Let d be r(14). Suppose 1155 = d*c + c. What is the tens digit of c?
0
Let m = 59 + -52. Suppose 5*n + m = 22. Suppose i + n*i - 3*r - 144 = 0, -r - 136 = -4*i. What is the units digit of i?
3
Suppose -5*a = q + 40, a + 25*q = 22*q - 8. Let w(b) = -4*b + 18 - 1 + 0. What is the tens digit of w(a)?
4
Let t(v) = 9*v**2 - 7*v**2 - 9 - 3*v + 13 + 43*v**3. What is the units digit of t(2)?
0
Let t be (-72)/(3 + (-570)/188). Let r = t - 417. What is the thousands digit of r?
1
Let q(p) = p**2 - 5*p - 2. Let b be q(5). Let i(v) = v**2 + 2*v - 12. Let d be i(10). What is the tens digit of (4/(-12))/(b/d)?
1
Let q = -58468 + 84881. What is the tens digit of q?
1
Let d = 330 + -328. Suppose 9*q = 5*g + 6*q - 811, -4*q = -d*g + 316. What is the tens digit of g?
6
Let t(q) = -2*q**2 - 20*q - 6. Let r be t(-9). Suppose 2*n + r = -n. What is the hundreds digit of (n + 26/3)/(1/27)?
1
Suppose -29*o = -24*o + 2*d - 17217, -5*d = 4*o - 13777. What is the units digit of o?
3
Suppose 2*t = 11888 - 252. What is the units digit of t?
8
Let t = 449 + -127. Let l = -242 + t. What is the tens digit of l?
8
Let d(j) = -64 - 9*j**2 + 5*j - 18 + 4*j - j**3. What is the thousands digit of d(-15)?
1
Let i(f) = -f**3 - 18*f**2 + 13*f + 29. Suppose 11*u - 6*u + 100 = 0. What is the tens digit of i(u)?
6
Let c = -380 + 570. Let s be (25/(-50))/(c/(-192) + 1). Let z = -38 - s. What is the tens digit of z?
1
Let z(y) = -2*y**3 + 2*y**2 - 15*y + 24. Let o be z(-10). Suppose o = 14*v - 5172. What is the units digit of v?
9
Let u = -19792 - -47729. What is the hundreds digit of u?
9
Suppose -i = 5*y - 376, -y + 264 - 2040 = -5*i. What is the hundreds digit of i?
3
Let p be (3/4)/(1 + (-3)/4). Suppose -4*v + 1097 = -h, -p*v = -h - 166 - 658. What is the hundreds digit of v?
2
Suppose -1417 - 410 = -21*y. Suppose v = -4*m - 4*v + 69, 5*m = -5*v + 85. Let i = y - m. What is the units digit of i?
1
Let n = 51509 + -26457. What is the units digit of n?
2
Let q(h) = -1048*h - 5643. What is the hundreds digit of q(-64)?
4
Let i(p) = 81*p + 367. Let z be i(-7). Let r = z + 262. What is the tens digit of r?
6
Suppose 0 = -p + 3*b + 5373, -3*p + 2*b + 8328 = -7805. Suppose p = -22*g + 33*g. What is the hundreds digit of g?
4
Let g(m) = 33*m - 64. Let v be g(2). Suppose 2*f = i - 701, -v*i - 3*i - f = -3538. What is the tens digit of i?
0
Suppose -4*c = -3*b - 87, 4*b = 24 - 12. What is the units digit of 4/(-16) - (-1542)/c?
4
Let z = 60 - 57. Suppose -j + 351 = -z*n, j + 3*n - 337 = -n. Suppose 5*l = -4*t + j, 4*l = -0*t - t + 276. What is the units digit of l?
9
Let y(k) = -1512*k - 1790. What is the hundreds digit of y(-5)?
7
Suppose -410 = -3*p - 152. Suppose -2 = a, 18 + p = 2*x - 2*a. What is the units digit of x?
0
Suppose -203*c + 1318390 = -48*c + 129230. What is the hundreds digit of c?
6
Let v(i) = -108*i**2 - 3*i + 1. Let y(z) = z**2 + 6*z + 9. Let j be y(-2). Let m be v(j). Let x = m + 402. What is the units digit of x?
2
Let g = 39 - 27. Let h(s) = -s + 14. Let k be h(g). Suppose r + 60 = k*r. What is the units digit of r?
0
Suppose 0*r - 120 = u + 3*r, -587 = 5*u + 2*r. Let m = u - -108. Let a = m - -253. What is the tens digit of a?
4
Suppose -c = -5*q - 27, 8*c + 19 = 5*c - 5*q. Suppose 4*d - 200 = -c*l + 370, 0 = -4*l + 4*d + 1140. What is the units digit of l?
5
Let q be 3/9 + (-3)/(27/(-618)). Let m = 78 - q. What is the units digit of m?
9
Let j = 286 - 284. What is the tens digit of 8/32*102*j?
5
Let l be (-30)/(-18) - 4/6. Let u(g) = 748*g + 5. What is the tens digit of u(l)?
5
Suppose -5*r + 3*r - 3086 = 0. Let z = r + 2242. What is the units digit of z?
9
Let g(v) = -v**3 - 5*v**2 + 4*v + 6. Let t be g(-6). Let u(p) = 215*p - 1345. Let q be u(7). Let l = q - t. What is the tens digit of l?
4
Suppose 2*w - 5*q - 324 = -0*w, q = 5*w - 856. Suppose 4*o - 192 = w. What is the tens digit of o?
9
What is the thousands digit of -2*(-9)/(-108)*-13602?
2
Suppose -3*q + 5*k = -6*q + 11135, -3*k + 11145 = 3*q. Suppose -5*l + l - q = 4*f, -920 = f - l. What is the tens digit of 9/(-6) + f/(-10)?
9
Let l(j) = 3*j**3 - 4*j**2 + 2*j - 7. Let y(p) = 4*p - 10 - 7*p - 4*p**3 + 6*p**2 + 20. Let c(m) = -7*l(m) - 5*y(m). What is the tens digit of c(-6)?
3
Let g be (0 - 1)/2*-34. Let p(j) = 4*j - 70. Let k be p(g). What is the tens digit of (1/k)/((-2)/332)?
8
Suppose 20*q - 8*q - 1776 = 0. Let o = q - 81. What is the units digit of o?
7
Suppose -43*u + 181723 = 4262. What is the units digit of u?
7
Let l(s) = 2*s**2 - 2*s - 2267. Let z be l(0). Let m = 3286 + z. What is the thousands digit of m?
1
Suppose -2*t - 10 = -4*t. Suppose 4*h = t*h. Suppose p - 4*y - 8 = h, 2*p + y - 28 = 3*y. What is the tens digit of p?
1
Suppose 8*c - 152 = 1744. Let m = 384 - c. What is the units digit of m?
7
Suppose -3*y - 3463 = -4*f, -417 = -4*f - 5*y + 3006. Suppose 0 = 11*g - 447 - f. What is the tens digit of g?
1
Let h(z) = -2*z**2 - z + 1199. What is the units digit of h(-24)?
1
Let b = -163 + 201. Let t = 40 + b. What is the units digit of t?
8
Let s(d) = 5*d**2 - 19*d - 51. What is the units digit of s(-30)?
9
Let h = -104 - -106. Suppose 7*z - h*z - 25 = 0. Suppose -y + 2 = -f, -z - 15 = -5*f. What is the units digit of y?
6
Let g(n) = 4*n**3 + 9*n**2 + 4*n + 12. Let v(p) = 5*p**3 + 10*p**2 + 3*p + 13. Let x = -16 + 19. Let z(d) = x*v(d) - 4*g(d). What is the units digit of z(-5)?
1
Suppose 0 = -5*x + 15, 2*n = -2*x + 3*x + 18945. What is the units digit of n?
4
Let m = -5181 - -5943. What is the tens digit of m?
6
Suppose -5*h = a - 15185, -6*h + 12159 = -2*h + 3*a. Suppose -y - h = -24*y. What is the hundreds digit of y?
1
Let l(f) = 187*f**2 - 245*f - 27. What is the tens digit of l(8)?
8
Let y = 55 + 32. Let z = 54 - y. Let o = 5 - z. What is the units digit of o?
8
Let g(k) = 8*k + 182. Let a be g(5). Let t be (-2)/8 - 126/(-24). Let l = a 